t is the tens digit of g(y)?
1
Suppose 11*j = 36*j - 75. Suppose 2*w + 1641 = 3*d - 0*w, -2*d = j*w - 1081. What is the tens digit of d?
4
Let u(m) = -m**2 + m - 1. Let l be u(1). Let i(f) = 4*f**2 - 1. Let a be i(l). What is the units digit of (-2)/((-4)/(-21))*(-4)/a?
4
What is the ten thousands digit of 8/(448/1161784) - 6/(-7)?
2
Suppose -18*z + 217371 = -29*z + 32*z. What is the tens digit of z?
5
Let o(k) = -41*k - 328. What is the units digit of o(-11)?
3
Suppose -3*n - 3*c + 4*c = 0, 2*n + 5*c = 0. Suppose n = 4*z + 3*z - 3766. What is the hundreds digit of z?
5
Suppose 37*u + 63*u - 3140168 = -46*u. What is the thousands digit of u?
1
Let x = -154574 - -221496. What is the tens digit of x?
2
Let t = 174483 + -110395. What is the thousands digit of t?
4
Let m be -6 + 4 + 2 - -4. Suppose -l + 301 = 2*l - m*o, -2*l - 2*o = -196. What is the units digit of l?
9
Let t(y) = -561*y + 1709. What is the hundreds digit of t(-14)?
5
Let d be 5 - -3*(-40)/(-15) - 5. Suppose -d*x + 7*x = -189. What is the tens digit of x?
8
Let p(l) = -l**3 - 9*l**2 - 6*l - 9. Let t be (-2 - 2/4)/((-6)/(-24)). What is the units digit of p(t)?
1
Let x(m) = m**2. Let n(b) = 7*b**2 - 13*b + 28. Let f(s) = n(s) - 6*x(s). Suppose 0 = 13*g - 12*g - 14. What is the tens digit of f(g)?
4
What is the hundreds digit of (-25)/((-150)/27)*10010/3?
0
Suppose 5*y - 15*y + 690 = 0. Let z(j) = -2*j - 1. Let s be z(4). What is the units digit of s/((-108)/8)*y?
6
Let u = 6043 + -3562. What is the units digit of u?
1
Let x be (-12)/8*2/3*317. What is the units digit of x*(-3)/2*(-6)/(-9)?
7
Suppose 6*o - 5*o - 14 = 0. Let p(n) = -n**2 - 10*n**2 + o + n**3 + 1005*n - 991*n. What is the units digit of p(11)?
8
Suppose 4*z = 3*n + 17, 0 = 5*z + 23*n - 28*n - 20. Suppose 4*l = -k + 60, z*l + 0*k - 75 = 4*k. What is the tens digit of l?
1
Let g = 277 - 49. Let y = 410 - g. What is the units digit of y?
2
Suppose 1101450 = -128*d + 198*d. What is the hundreds digit of d?
7
Suppose 1085*i - 1047*i - 512848 = 0. What is the ten thousands digit of i?
1
Let p(l) = l**3 - l**2 - 2*l + 24. Let n be p(0). Suppose 0 = -3*d + 4*w - 9*w - n, 4*d + 2*w = -18. Let x(i) = -i**3 + 7. What is the units digit of x(d)?
4
Let g be (-1 - -1)*(-28 - -29). Suppose -14*h + 15092 = -g*h. What is the units digit of h?
8
Suppose -4*t - 2*m = -49592 - 33444, -2*m + 20768 = t. What is the ten thousands digit of t?
2
Let y(t) be the second derivative of -t**4/12 - 5*t**3/3 - 2*t**2 - t + 1778. Let a(z) = -2*z**2 + 7*z - 4. Let x be a(4). What is the tens digit of y(x)?
1
Let s be (-1 + (-2 - 201))*126/84. What is the units digit of (-616)/66*s/7?
8
Let q = -16 + -2. Let v be 420/189 + 4/q. What is the units digit of (-4)/((-123)/60 + v)?
0
Let m(w) = -w - 10. Let i be m(-10). Let n = -145 + 149. Suppose -n*r = 5*f - 191, i = -4*f - 3*r + 64 + 88. What is the units digit of f?
5
Let d = -34745 + 50067. What is the hundreds digit of d?
3
Let w = -28 - -32. Suppose r + w*r = 0. Suppose 12*k + 2*k - 756 = r. What is the tens digit of k?
5
Let l = -335 + 343. What is the tens digit of l - (-1568 - (-5 + -1))?
7
Suppose -21*x + 30 = -16*x, -4*b - 5*x = -14238. What is the units digit of b?
2
Let t(j) = 5*j + 6. Let a(u) = 8*u + 8. Let w be a(4). Let o be (-144)/w*10/(-6). What is the units digit of t(o)?
6
What is the tens digit of 106203/5*(-32 - (-1818)/54)?
0
Let w = -88 - -90. Let u(g) = -g**2 + 9*g**w + g**3 + 0 + 6*g + 3 + 7. What is the tens digit of u(-6)?
4
Let a(c) = c**3 + 37*c**2 - 134*c + 32. What is the thousands digit of a(-35)?
7
What is the hundreds digit of (-342)/(-1140) + 2101935/50?
0
Let y be 70/(-63)*12*99*1. Let q = -645 - y. What is the hundreds digit of q?
6
Let g = 82 - 63. Suppose 905 = -g*v + 24*v. What is the tens digit of v?
8
Let o be 97340/14 - (-60)/(-70). Suppose -14*u + o = -3*u. What is the hundreds digit of u?
6
Suppose 0 = -3*m - o - 494, o + 181 = -m + 13. Let g = m + 72. What is the units digit of (0 + 0)/3 - g?
1
Let r(k) = 2*k - 20. Let y be r(10). Let u(f) be the second derivative of -f**4/12 + 30*f**2 + 8*f. What is the tens digit of u(y)?
6
Suppose -70*c + 910 = -68*c. Let k = -198 + c. Suppose -3*v + 3*n - 6*n = -759, -v + 3*n = -k. What is the tens digit of v?
5
Suppose -16506 = -266*s + 259*s. Suppose -12*l - 4*b = -15*l + 1741, 2*b = -4*l + s. What is the hundreds digit of l?
5
Let g(c) = 2*c + 24. Let m be g(-24). What is the hundreds digit of (4/(m/(-9351)))/((-30)/(-20))?
0
Let p(a) = 45*a + 1. Suppose -7*g - 15 = -134. Let u(b) = 134*b + 2. Let f(k) = g*p(k) - 6*u(k). What is the hundreds digit of f(-6)?
2
Suppose -2*o + 83560 = 4*y, 68*o - 3*y - 208991 = 63*o. What is the thousands digit of o?
1
Let t = -138 + 275. Suppose -t = -3*v - 20. Let q = v + 15. What is the tens digit of q?
5
Let h(y) = 12621*y + 391. What is the thousands digit of h(2)?
5
Let b(a) = 32*a + 20*a**2 + 33*a + a**3 - 26 - 105*a + 55*a. What is the hundreds digit of b(-8)?
6
Let x(i) = -i**3 - 5*i**2 + 2*i + 6. Let q be x(-5). Let k(r) = 21*r - 1. Let c be k(q). Let u = -10 - c. What is the tens digit of u?
7
Let m(b) be the third derivative of b**5/30 - 7*b**4/8 - 6*b**3 - 4*b**2 + 2*b. What is the tens digit of m(19)?
8
Let f(n) = n**3 - 6*n - 4. Let r be f(-2). Let o be r*(5 - 12/3). Suppose o*a = -7*a + 812. What is the tens digit of a?
1
Let n = -26 + 44. Suppose -2*i + 6 = n. What is the tens digit of i/(12/(-4)) + (63 - 2)?
6
Let j = -1352 + 5413. What is the thousands digit of j?
4
Let x be -590*(-1 + 0 + 0). Suppose 0 = 3*r + x - 2030. Suppose r = -2*h + 14*h. What is the units digit of h?
0
Let w(l) = 108*l + 194. Let j be w(6). Let z = j - 510. What is the tens digit of z?
3
Let k = -23211 + 40473. What is the thousands digit of k?
7
Suppose -2*p - 10 = -7*p. Suppose -p = -4*c + 18. Suppose 2*f + d - 35 = 29, -3*f = -c*d - 70. What is the units digit of f?
0
Let z(a) = a**3 + 2*a**2 + 3*a + 1. Let c be z(-1). Let r = 1 + c. Let l(b) = -3*b + 63. What is the units digit of l(r)?
3
Suppose -2*l - 4*i + 8920 = 0, -14*l + i + 22289 = -9*l. What is the tens digit of l?
5
Suppose -7*t = 12*t - 7147 + 231. What is the tens digit of t?
6
Let m be 4/(-30) + ((-9384)/90)/(-17). What is the tens digit of -2*(-1383)/m + (2 - 0)?
6
Let f(q) = 133*q + 14. Let g(m) = 2*m**2 - 3*m - 2. Let v be g(-1). Let d be f(v). Suppose 4*c = b - 169 + 27, 3*b - d = -c. What is the units digit of b?
8
Let b(k) be the third derivative of -2*k**4/3 - 16*k**3/3 + 5*k**2 - 2. What is the units digit of b(-10)?
8
Suppose 5*v + 0 = 5, -2*z - 5*v = -5. What is the units digit of (-6)/(z - 6)*477?
7
Let s(v) = -5*v + 30. Let c be s(5). Suppose 3492 - 557 = c*h. What is the hundreds digit of h?
5
Suppose 0*s = 46*s - 209070. What is the thousands digit of s?
4
Suppose -5*b - 40001 = -7171. What is the thousands digit of b/(-4) + (-7 - (-88)/16)?
1
What is the units digit of 12/9*(-163659)/(-4)?
3
What is the hundreds digit of (-36670)/3*3/(-5)?
3
Let b(a) = 2*a**3 + 3*a**2 - 17*a - 3. Suppose -3*p + 28 - 10 = 0. Let x be b(p). Suppose 2*s - 5*s + x = 0. What is the tens digit of s?
4
Let h(a) be the second derivative of -a**6/720 + a**5/60 + 5*a**4/3 - 23*a. Let l(r) be the third derivative of h(r). What is the units digit of l(-5)?
7
Suppose 0 = s - 85 + 65. Suppose -s*x + 25*x = 620. What is the units digit of x?
4
Let t be (-8)/(-36) - 2197/(-117). Suppose 48*h - 12383 = t*h. What is the units digit of h?
7
Suppose 30*v - 35*v + 10 = t, 2*t - 5 = -5*v. Suppose u + u = 0. Suppose 3*a + f - 532 = u, 2*a = -v*a - 4*f + 896. What is the hundreds digit of a?
1
Let d(v) = -2 - 4 - 17*v + 12*v - 71*v. What is the units digit of d(-8)?
2
Suppose -203*c - 291*c + 29242824 = 0. What is the ten thousands digit of c?
5
Suppose -2*z - 6 = -5*z. Let p(o) = -5*o - 4*o**2 + 6*o + o**2 + 23 + o**z. What is the units digit of p(0)?
3
Suppose -19 - 3 = -11*o. Suppose -5*r + 2882 = g, 4*g = -o*r + g + 1158. What is the hundreds digit of r?
5
Suppose 0 = s + x - 2, 0 = 3*s + 3*x - x - 2. Let i be s/(-4) - (-187)/34. What is the tens digit of 0 + i/(-33) - (-10409)/77?
3
Suppose 1835*b - 1837*b + 49824 = 0. What is the thousands digit of b?
4
Let y be (-171)/(-33) - (-10)/(-55). Suppose -5*s = 25, -3*i - y*s + 630 = -2*i. What is the h